{"id":92,"date":"2016-05-31T13:45:31","date_gmt":"2016-05-31T13:45:31","guid":{"rendered":"http:\/\/sandradinis.info\/paroquia\/?page_id=92"},"modified":"2022-08-18T21:54:34","modified_gmt":"2022-08-18T21:54:34","slug":"jardim-de-infancia","status":"publish","type":"page","link":"https:\/\/www.paroquiafatima.pt\/paroquia\/?page_id=92","title":{"rendered":"Jardim de Inf\u00e2ncia"},"content":{"rendered":"<h3>Breve descri\u00e7\u00e3o da resposta social<\/h3>\n<p>O jardim-de-inf\u00e2ncia de Nossa Senhora de F\u00e1tima \u00e9 uma resposta social, desenvolvida em equipamento, vocacionada para o desenvolvimento das crian\u00e7as com idades compreendidas entre os 3 anos e a idade de ingresso no ensino b\u00e1sico proporcionando-lhes atividades educativas e atividades de apoio \u00e0 fam\u00edlia.<br \/>\nO jardim-de-inf\u00e2ncia foi fundado em 1986 e est\u00e1 sedeado na Rua Campos Monteiro, lote 125 Abelheira, em Viana do Castelo, com capacidade para 50 crian\u00e7as de ambos os sexos dos 3 aos 5 anos.<br \/>\nEsta resposta social tem acordo com o Centro Distrital de Solidariedade e Seguran\u00e7a Social de Viana do Castelo e com o Minist\u00e9rio da Educa\u00e7\u00e3o, atrav\u00e9s da Delega\u00e7\u00e3o Regional do Norte desde 28\/11\/1991.<\/p>\n<p>&nbsp;<\/p>\n<h3>Objetivos da resposta social<\/h3>\n<p>&#8211; Promover o desenvolvimento pessoal e social da crian\u00e7a com base em experi\u00eancias de vida numa perspetiva de educa\u00e7\u00e3o para a cidadania;<br \/>\n&#8211; Fomentar a inser\u00e7\u00e3o da crian\u00e7a em grupos sociais diversos, no respeito pela pluralidade das culturas, favorecendo uma progressiva consci\u00eancia do seu papel como membro da sociedade;<br \/>\n&#8211; Estimular o desenvolvimento global de cada crian\u00e7a, no respeito pelas suas caracter\u00edsticas individuais, incutindo comportamentos que favore\u00e7am aprendizagens significativas e diversificadas;<br \/>\n&#8211; Desenvolver a express\u00e3o e a comunica\u00e7\u00e3o atrav\u00e9s da utiliza\u00e7\u00e3o de linguagens m\u00faltiplas como meios de rela\u00e7\u00e3o, de informa\u00e7\u00e3o, de sensibiliza\u00e7\u00e3o est\u00e9tica e de compreens\u00e3o do mundo;<br \/>\n&#8211; Despertar a curiosidade e o pensamento cr\u00edtico;<br \/>\n&#8211; Incutir h\u00e1bitos de higiene e de defesa da sa\u00fade.<br \/>\n&#8211; Colaborar com a fam\u00edlia numa partilha de cuidados e responsabilidades em todo o processo educativo;<\/p>\n<p>&nbsp;<\/p>\n<h3>Atividades e Servi\u00e7os prestados<\/h3>\n<p><strong>&#8211; Na componente educativa<\/strong><br \/>\n&#8211; Atividades pedag\u00f3gicas, l\u00fadicas e de motricidade, em fun\u00e7\u00e3o da idade e necessidades espec\u00edficas das crian\u00e7as e de acordo com o Projeto Educativo e Curricular de sala;<br \/>\n&#8211; Atendimento individualizado, de acordo com as capacidades e compet\u00eancias das crian\u00e7as e disponibiliza\u00e7\u00e3o de informa\u00e7\u00e3o \u00e0 fam\u00edlia sobre o desenvolvimento da crian\u00e7a;<br \/>\n<strong>&#8211; Na componente de apoio \u00e0 fam\u00edlia<\/strong><br \/>\n&#8211; Cuidados adequados \u00e0 satisfa\u00e7\u00e3o das necessidades da crian\u00e7a;<br \/>\n&#8211; Nutri\u00e7\u00e3o e alimenta\u00e7\u00e3o adequada, qualitativa e quantitativamente, \u00e0 idade da crian\u00e7a, sem preju\u00edzo de dietas especiais em caso de prescri\u00e7\u00e3o m\u00e9dica;<br \/>\n&#8211; Alargamento de hor\u00e1rio de funcionamento;<br \/>\n&#8211; Atividades de enriquecimento curricular, de anima\u00e7\u00e3o e de apoio \u00e0 fam\u00edlia;<br \/>\n<strong>&#8211; Atividades extracurriculares inclu\u00eddas na mensalidade.<\/strong><br \/>\n&#8211; Express\u00e3o f\u00edsico-motora (gin\u00e1stica\/dan\u00e7a)<br \/>\n&#8211; Aprendizagem de l\u00ednguas (ingl\u00eas);<br \/>\n&#8211; M\u00fasica;<br \/>\n&#8211; Piscina;<br \/>\n&#8211; Inform\u00e1tica.<\/p>\n<p>&nbsp;<\/p>\n<p>&nbsp;<\/p>\n<h3>Organiza\u00e7\u00e3o interna<\/h3>\n<p><em><strong>&#8211; Dire\u00e7\u00e3o:<\/strong><\/em><br \/>\nCompete \u00e0 Dire\u00e7\u00e3o do Centro Social e Paroquial de Nossa Senhora de F\u00e1tima aprovar todas as atividades desenvolvidas na resposta social e supervisionar a gest\u00e3o de recursos humanos, econ\u00f3micos e financeiros assim como os servi\u00e7os que s\u00e3o prestados.<br \/>\n<em><strong>&#8211; Coordena\u00e7\u00e3o T\u00e9cnica:<\/strong><\/em><br \/>\nO jardim-de-inf\u00e2ncia \u00e9 coordenado por um t\u00e9cnico superior, que em termos hier\u00e1rquicos, responde perante a dire\u00e7\u00e3o do Centro Social e Paroquial de Nossa Senhora de F\u00e1tima, pelo funcionamento, disciplina e efici\u00eancia dos servi\u00e7os.<br \/>\n<em><strong>&#8211; Equipa T\u00e9cnica:<\/strong><\/em><br \/>\nEducadoras de Inf\u00e2ncia<br \/>\nProfessores<br \/>\nNutricionista, enfermeira e administrativos<br \/>\nM\u00e9dico em regime de voluntariado<br \/>\n<em><strong>&#8211; Equipa n\u00e3o T\u00e9cnica:<\/strong><\/em><br \/>\nAjudantes de a\u00e7\u00e3o educativa<br \/>\nAjudante de cozinha<br \/>\nAuxiliar de servi\u00e7os gerais<\/p>\n<p>&nbsp;<\/p>\n<p><img loading=\"lazy\" class=\"alignnone size-medium wp-image-3010\" src=\"https:\/\/www.paroquiafatima.pt\/paroquia\/wp-content\/uploads\/2017\/06\/frente-verso_flyer-jardim-infancia_cspnsf_fb-700x696.jpg\" alt=\"maqueta_Flyer Jardim Infancia_CSPNSF_final\" width=\"700\" height=\"696\" srcset=\"https:\/\/www.paroquiafatima.pt\/paroquia\/wp-content\/uploads\/2017\/06\/frente-verso_flyer-jardim-infancia_cspnsf_fb-700x696.jpg 700w, https:\/\/www.paroquiafatima.pt\/paroquia\/wp-content\/uploads\/2017\/06\/frente-verso_flyer-jardim-infancia_cspnsf_fb-250x250.jpg 250w, https:\/\/www.paroquiafatima.pt\/paroquia\/wp-content\/uploads\/2017\/06\/frente-verso_flyer-jardim-infancia_cspnsf_fb-1024x1018.jpg 1024w\" sizes=\"(max-width: 700px) 100vw, 700px\" \/><\/p>\n<p>&nbsp;<\/p>\n<p><a href=\"http:\/\/sandradinis.info\/paroquia\/wp-content\/uploads\/2016\/05\/JI_brochura.pdf\" target=\"_blank\" rel=\"noopener\">Brochura (PDF)<\/a><\/p>\n<p><a href=\"http:\/\/sandradinis.info\/paroquia\/wp-content\/uploads\/2016\/05\/JI-inscricao.pdf\" target=\"_blank\" rel=\"noopener\">Ficha de pr\u00e9-inscri\u00e7\u00e3o para impress\u00e3o (PDF)<\/a><\/p>\n<div class=\"synved-social-container synved-social-container-share\" style=\"text-align: center\"><a class=\"synved-social-button synved-social-button-share synved-social-size-24 synved-social-resolution-single synved-social-provider-facebook nolightbox\" data-provider=\"facebook\" target=\"_blank\" rel=\"nofollow\" title=\"Share on Facebook\" href=\"http:\/\/www.facebook.com\/sharer.php?u=https%3A%2F%2Fwww.paroquiafatima.pt%2Fparoquia%2Findex.php%3Frest_route%3D%252Fwp%252Fv2%252Fpages%252F92&#038;t=Jardim%20de%20Inf%C3%A2ncia&#038;s=100&#038;p&#091;url&#093;=https%3A%2F%2Fwww.paroquiafatima.pt%2Fparoquia%2Findex.php%3Frest_route%3D%252Fwp%252Fv2%252Fpages%252F92&#038;p&#091;images&#093;&#091;0&#093;=https%3A%2F%2Fwww.paroquiafatima.pt%2Fparoquia%2Fwp-content%2Fuploads%2F2022%2F08%2FJI.jpg&#038;p&#091;title&#093;=Jardim%20de%20Inf%C3%A2ncia\" style=\"font-size: 0px; width:24px;height:24px;margin:0;margin-bottom:7px;margin-right:7px;\"><img alt=\"Facebook\" title=\"Share on Facebook\" class=\"synved-share-image synved-social-image synved-social-image-share\" width=\"24\" height=\"24\" style=\"display: inline; width:24px;height:24px; margin: 0; padding: 0; border: none; box-shadow: none;\" src=\"https:\/\/www.paroquiafatima.pt\/paroquia\/wp-content\/plugins\/social-media-feather\/synved-social\/image\/social\/regular\/48x48\/facebook.png\" \/><\/a><a class=\"synved-social-button synved-social-button-share synved-social-size-24 synved-social-resolution-single synved-social-provider-twitter nolightbox\" data-provider=\"twitter\" target=\"_blank\" rel=\"nofollow\" title=\"Share on Twitter\" href=\"https:\/\/twitter.com\/intent\/tweet?url=https%3A%2F%2Fwww.paroquiafatima.pt%2Fparoquia%2Findex.php%3Frest_route%3D%252Fwp%252Fv2%252Fpages%252F92&#038;text=Hey%20check%20this%20out\" style=\"font-size: 0px; width:24px;height:24px;margin:0;margin-bottom:7px;margin-right:7px;\"><img alt=\"twitter\" title=\"Share on Twitter\" class=\"synved-share-image synved-social-image synved-social-image-share\" width=\"24\" height=\"24\" style=\"display: inline; width:24px;height:24px; margin: 0; padding: 0; border: none; box-shadow: none;\" src=\"https:\/\/www.paroquiafatima.pt\/paroquia\/wp-content\/plugins\/social-media-feather\/synved-social\/image\/social\/regular\/48x48\/twitter.png\" \/><\/a><a class=\"synved-social-button synved-social-button-share synved-social-size-24 synved-social-resolution-single synved-social-provider-mail nolightbox\" data-provider=\"mail\" rel=\"nofollow\" title=\"Share by email\" href=\"mailto:?subject=Jardim%20de%20Inf%C3%A2ncia&#038;body=Hey%20check%20this%20out:%20https%3A%2F%2Fwww.paroquiafatima.pt%2Fparoquia%2Findex.php%3Frest_route%3D%252Fwp%252Fv2%252Fpages%252F92\" style=\"font-size: 0px; width:24px;height:24px;margin:0;margin-bottom:7px;\"><img alt=\"mail\" title=\"Share by email\" class=\"synved-share-image synved-social-image synved-social-image-share\" width=\"24\" height=\"24\" style=\"display: inline; width:24px;height:24px; margin: 0; padding: 0; border: none; box-shadow: none;\" src=\"https:\/\/www.paroquiafatima.pt\/paroquia\/wp-content\/plugins\/social-media-feather\/synved-social\/image\/social\/regular\/48x48\/mail.png\" \/><\/a><\/div>","protected":false},"excerpt":{"rendered":"<p>Breve descri\u00e7\u00e3o da resposta social O jardim-de-inf\u00e2ncia de Nossa Senhora de F\u00e1tima \u00e9 uma resposta social, desenvolvida em equipamento, vocacionada para o desenvolvimento das crian\u00e7as com idades compreendidas entre os 3 anos e a idade de ingresso no ensino b\u00e1sico proporcionando-lhes atividades educativas e atividades de apoio \u00e0 fam\u00edlia. O [&hellip;]<\/p>\n","protected":false},"author":7,"featured_media":6162,"parent":0,"menu_order":0,"comment_status":"closed","ping_status":"closed","template":"","meta":[],"_links":{"self":[{"href":"https:\/\/www.paroquiafatima.pt\/paroquia\/index.php?rest_route=\/wp\/v2\/pages\/92"}],"collection":[{"href":"https:\/\/www.paroquiafatima.pt\/paroquia\/index.php?rest_route=\/wp\/v2\/pages"}],"about":[{"href":"https:\/\/www.paroquiafatima.pt\/paroquia\/index.php?rest_route=\/wp\/v2\/types\/page"}],"author":[{"embeddable":true,"href":"https:\/\/www.paroquiafatima.pt\/paroquia\/index.php?rest_route=\/wp\/v2\/users\/7"}],"replies":[{"embeddable":true,"href":"https:\/\/www.paroquiafatima.pt\/paroquia\/index.php?rest_route=%2Fwp%2Fv2%2Fcomments&post=92"}],"version-history":[{"count":5,"href":"https:\/\/www.paroquiafatima.pt\/paroquia\/index.php?rest_route=\/wp\/v2\/pages\/92\/revisions"}],"predecessor-version":[{"id":6163,"href":"https:\/\/www.paroquiafatima.pt\/paroquia\/index.php?rest_route=\/wp\/v2\/pages\/92\/revisions\/6163"}],"wp:featuredmedia":[{"embeddable":true,"href":"https:\/\/www.paroquiafatima.pt\/paroquia\/index.php?rest_route=\/wp\/v2\/media\/6162"}],"wp:attachment":[{"href":"https:\/\/www.paroquiafatima.pt\/paroquia\/index.php?rest_route=%2Fwp%2Fv2%2Fmedia&parent=92"}],"curies":[{"name":"wp","href":"https:\/\/api.w.org\/{rel}","templated":true}]}}