{"id":83,"date":"2016-05-31T13:42:19","date_gmt":"2016-05-31T13:42:19","guid":{"rendered":"http:\/\/sandradinis.info\/paroquia\/?page_id=83"},"modified":"2016-07-18T15:37:19","modified_gmt":"2016-07-18T15:37:19","slug":"qualidade","status":"publish","type":"page","link":"https:\/\/www.paroquiafatima.pt\/paroquia\/?page_id=83","title":{"rendered":"Qualidade"},"content":{"rendered":"<p>O Centro Social e Paroquial de Nossa Senhora de F\u00e1tima integrou o projecto FAS2, promovido pela CNIS e pela Universidade Cat\u00f3lica financiado pelo POPH. Este projecto teve como objetivos qualificar as Institui\u00e7\u00f5es Sociais da Igreja para o cumprimento dos requisitos da Qualidade de acordo com a NP EN ISO 9001:2008 \u2013 Sistema de Gest\u00e3o da Qualidade e os Modelos de Avalia\u00e7\u00e3o da Qualidade das Respostas Sociais do ISS, IP.<br \/>\nCom a implementa\u00e7\u00e3o de um Sistema de Gest\u00e3o da Qualidade, o Centro Social e Paroquial de Nossa Senhora de F\u00e1tima pretende garantir a sua sustentabilidade, aumentar a satisfa\u00e7\u00e3o dos seus utentes, colaboradores e parceiros e prestar respostas sociais com elevados padr\u00f5es de qualidade.<\/p>\n<p>O Projecto FAS2 teve a dura\u00e7\u00e3o de dois anos e teve como entidade formadora a C\u00e9lula 2000. No final do projecto o Centro Social e Paroquial de Nossa Senhora de F\u00e1tima obteve as orienta\u00e7\u00f5es dos referenciais para construir o SGQ da Institui\u00e7\u00e3o. Atualmente estamos em fase de simplifica\u00e7\u00e3o do sistema de gest\u00e3o da qualidade para num futuro pr\u00f3ximo pedir a certifica\u00e7\u00e3o de algumas respostas sociais, nomeadamente o CAT, o Jardim de Inf\u00e2ncia, o Centro de Dia e o Apoio Domicili\u00e1rio.<br \/>\nA certifica\u00e7\u00e3o \u00e9 um exemplo claro e efetivo da desej\u00e1vel evolu\u00e7\u00e3o qualitativa das respostas sociais criadas com o imprescind\u00edvel apoio, participa\u00e7\u00e3o e empenhamento da nossa Institui\u00e7\u00e3o. Garantir aos utentes o acesso crescente a servi\u00e7os de qualidade, cada vez mais adequados \u00e0 satisfa\u00e7\u00e3o das suas necessidades \u00e9 o desafio que esta Institui\u00e7\u00e3o assumiu.<\/p>\n<p>&nbsp;<\/p>\n<p><img loading=\"lazy\" class=\"alignnone size-full wp-image-1453\" src=\"http:\/\/sandradinis.info\/paroquia\/wp-content\/uploads\/2016\/05\/Qualidade_-rede-de-processos.jpg\" alt=\"Qualidade - rede de processos\" width=\"1358\" height=\"868\" srcset=\"https:\/\/www.paroquiafatima.pt\/paroquia\/wp-content\/uploads\/2016\/05\/Qualidade_-rede-de-processos.jpg 1358w, https:\/\/www.paroquiafatima.pt\/paroquia\/wp-content\/uploads\/2016\/05\/Qualidade_-rede-de-processos-700x447.jpg 700w, https:\/\/www.paroquiafatima.pt\/paroquia\/wp-content\/uploads\/2016\/05\/Qualidade_-rede-de-processos-1024x655.jpg 1024w\" sizes=\"(max-width: 1358px) 100vw, 1358px\" \/><\/p>\n<p>&nbsp;<\/p>\n<div class=\"synved-social-container synved-social-container-share\" style=\"text-align: center\"><a class=\"synved-social-button synved-social-button-share synved-social-size-24 synved-social-resolution-single synved-social-provider-facebook nolightbox\" data-provider=\"facebook\" target=\"_blank\" rel=\"nofollow\" title=\"Share on Facebook\" href=\"http:\/\/www.facebook.com\/sharer.php?u=https%3A%2F%2Fwww.paroquiafatima.pt%2Fparoquia%2Findex.php%3Frest_route%3D%252Fwp%252Fv2%252Fpages%252F83&#038;t=Qualidade&#038;s=100&#038;p&#091;url&#093;=https%3A%2F%2Fwww.paroquiafatima.pt%2Fparoquia%2Findex.php%3Frest_route%3D%252Fwp%252Fv2%252Fpages%252F83&#038;p&#091;images&#093;&#091;0&#093;=http%3A%2F%2Fsandradinis.info%2Fparoquia%2Fwp-content%2Fuploads%2F2016%2F05%2FQualidade_-rede-de-processos.jpg&#038;p&#091;title&#093;=Qualidade\" style=\"font-size: 0px; width:24px;height:24px;margin:0;margin-bottom:7px;margin-right:7px;\"><img alt=\"Facebook\" title=\"Share on Facebook\" class=\"synved-share-image synved-social-image synved-social-image-share\" width=\"24\" height=\"24\" style=\"display: inline; width:24px;height:24px; margin: 0; padding: 0; border: none; box-shadow: none;\" src=\"https:\/\/www.paroquiafatima.pt\/paroquia\/wp-content\/plugins\/social-media-feather\/synved-social\/image\/social\/regular\/48x48\/facebook.png\" \/><\/a><a class=\"synved-social-button synved-social-button-share synved-social-size-24 synved-social-resolution-single synved-social-provider-twitter nolightbox\" data-provider=\"twitter\" target=\"_blank\" rel=\"nofollow\" title=\"Share on Twitter\" href=\"https:\/\/twitter.com\/intent\/tweet?url=https%3A%2F%2Fwww.paroquiafatima.pt%2Fparoquia%2Findex.php%3Frest_route%3D%252Fwp%252Fv2%252Fpages%252F83&#038;text=Hey%20check%20this%20out\" style=\"font-size: 0px; width:24px;height:24px;margin:0;margin-bottom:7px;margin-right:7px;\"><img alt=\"twitter\" title=\"Share on Twitter\" class=\"synved-share-image synved-social-image synved-social-image-share\" width=\"24\" height=\"24\" style=\"display: inline; width:24px;height:24px; margin: 0; padding: 0; border: none; box-shadow: none;\" src=\"https:\/\/www.paroquiafatima.pt\/paroquia\/wp-content\/plugins\/social-media-feather\/synved-social\/image\/social\/regular\/48x48\/twitter.png\" \/><\/a><a class=\"synved-social-button synved-social-button-share synved-social-size-24 synved-social-resolution-single synved-social-provider-mail nolightbox\" data-provider=\"mail\" rel=\"nofollow\" title=\"Share by email\" href=\"mailto:?subject=Qualidade&#038;body=Hey%20check%20this%20out:%20https%3A%2F%2Fwww.paroquiafatima.pt%2Fparoquia%2Findex.php%3Frest_route%3D%252Fwp%252Fv2%252Fpages%252F83\" style=\"font-size: 0px; width:24px;height:24px;margin:0;margin-bottom:7px;\"><img alt=\"mail\" title=\"Share by email\" class=\"synved-share-image synved-social-image synved-social-image-share\" width=\"24\" height=\"24\" style=\"display: inline; width:24px;height:24px; margin: 0; padding: 0; border: none; box-shadow: none;\" src=\"https:\/\/www.paroquiafatima.pt\/paroquia\/wp-content\/plugins\/social-media-feather\/synved-social\/image\/social\/regular\/48x48\/mail.png\" \/><\/a><\/div>","protected":false},"excerpt":{"rendered":"<p>O Centro Social e Paroquial de Nossa Senhora de F\u00e1tima integrou o projecto FAS2, promovido pela CNIS e pela Universidade Cat\u00f3lica financiado pelo POPH. Este projecto teve como objetivos qualificar as Institui\u00e7\u00f5es Sociais da Igreja para o cumprimento dos requisitos da Qualidade de acordo com a NP EN ISO 9001:2008 [&hellip;]<\/p>\n","protected":false},"author":7,"featured_media":0,"parent":0,"menu_order":0,"comment_status":"closed","ping_status":"closed","template":"","meta":[],"_links":{"self":[{"href":"https:\/\/www.paroquiafatima.pt\/paroquia\/index.php?rest_route=\/wp\/v2\/pages\/83"}],"collection":[{"href":"https:\/\/www.paroquiafatima.pt\/paroquia\/index.php?rest_route=\/wp\/v2\/pages"}],"about":[{"href":"https:\/\/www.paroquiafatima.pt\/paroquia\/index.php?rest_route=\/wp\/v2\/types\/page"}],"author":[{"embeddable":true,"href":"https:\/\/www.paroquiafatima.pt\/paroquia\/index.php?rest_route=\/wp\/v2\/users\/7"}],"replies":[{"embeddable":true,"href":"https:\/\/www.paroquiafatima.pt\/paroquia\/index.php?rest_route=%2Fwp%2Fv2%2Fcomments&post=83"}],"version-history":[{"count":2,"href":"https:\/\/www.paroquiafatima.pt\/paroquia\/index.php?rest_route=\/wp\/v2\/pages\/83\/revisions"}],"predecessor-version":[{"id":7846,"href":"https:\/\/www.paroquiafatima.pt\/paroquia\/index.php?rest_route=\/wp\/v2\/pages\/83\/revisions\/7846"}],"wp:attachment":[{"href":"https:\/\/www.paroquiafatima.pt\/paroquia\/index.php?rest_route=%2Fwp%2Fv2%2Fmedia&parent=83"}],"curies":[{"name":"wp","href":"https:\/\/api.w.org\/{rel}","templated":true}]}}