{"id":78,"date":"2016-05-31T13:41:23","date_gmt":"2016-05-31T13:41:23","guid":{"rendered":"http:\/\/sandradinis.info\/paroquia\/?page_id=78"},"modified":"2016-07-18T15:33:52","modified_gmt":"2016-07-18T15:33:52","slug":"historia","status":"publish","type":"page","link":"https:\/\/www.paroquiafatima.pt\/paroquia\/?page_id=78","title":{"rendered":"Hist\u00f3ria"},"content":{"rendered":"<p>Hist\u00f3ria &#8211; A IPSS, Centro Social e Paroquial de Nossa Senhora de F\u00e1tima (CSPNSF), foi aprovado pelo Decreto-Lei n.\u00ba 119\/83, de 25 de Fevereiro e nos termos dos Despachos Normativos n.\u00bas 387 e 388\/83, publicados em Di\u00e1rio da Rep\u00fablica n.\u00ba 301,I S\u00e9rie, 4\u00ba Suplemento, de 31 de Dezembro, e respeitando a legisla\u00e7\u00e3o para o sector com a Concordata em vigor pela Santa S\u00e9.<br \/>\nO Centro Social e Paroquial Nossa Senhora de F\u00e1tima \u00e9 uma Institui\u00e7\u00e3o Particular de Solidariedade Social, (IPSS), de inspira\u00e7\u00e3o crist\u00e3, que desde a sua funda\u00e7\u00e3o, 14 de Julho de 1982, procura dar resposta aos problemas sociais que sempre aparecem atrav\u00e9s de respostas sociais para a integra\u00e7\u00e3o social e promo\u00e7\u00e3o dos direitos das fam\u00edlias, lutando sempre por uma melhoria cont\u00ednua e inovadora. Esta Institui\u00e7\u00e3o tem como finalidade promover a integra\u00e7\u00e3o das pessoas, zelando pelos seus direitos e assegurar a cria\u00e7\u00e3o de alternativas para a subsist\u00eancia da Institui\u00e7\u00e3o, assim como visa ser reconhecida pela qualidade e a inova\u00e7\u00e3o dos servi\u00e7os prestados.<br \/>\n<strong>O CSPNSF, a partir de ent\u00e3o, erige as seguintes respostas sociais:<\/strong><br \/>\n&#8211; <strong>Em 8 de Julho de 1983<\/strong>,d\u00e1 forma legal a uma primeira resposta social de Centro de Conv\u00edvio (C.C.), com capacidade para 30 utentes, que tinha nascido espontaneamente na sacristia da Igreja Paroquial em 1980 por iniciativa da Confer\u00eancia Vicentina e Legi\u00e3o de Maria, celebrando para o efeito, protocolo de coopera\u00e7\u00e3o com o Centro Regional de Seguran\u00e7a Social de Viana do Castelo; Desde 1\/4\/2001 o acordo passou para 10utentes;<br \/>\n&#8211; <strong>Em 28 de Agosto de 1986<\/strong>, coloca em funcionamento a resposta social de Centro de Dia (C.D. Bandeira) celebrou com a tutela um protocolo de coopera\u00e7\u00e3o, para 30 utentes; Em 2 Janeiro de 1991 foi alargado o acordo para 40utentes; Desde1\/10\/2015 que o acordo abrange 35utentes;<br \/>\n&#8211; <strong>Em 28 de Agosto de 1986<\/strong>, abriu o Jardim de Inf\u00e2ncia, em Outubro de 1988 renova o acordo de coopera\u00e7\u00e3o celebrado com o Centro Regional de Seguran\u00e7a Social de Viana do Castelo para 50 utentes; <strong>Em 03\/9\/2012<\/strong> o acordo passou para 45 utentes e desde 01\/11\/2013 que o n\u00famero de utentes abrangidos pelo acordo \u00e9 de 35 utentes.<br \/>\n&#8211; <strong>Em 01 de Setembro de 1992<\/strong>, erige o Centro de Acolhimento Tempor\u00e1rio \u2013 (C.A.T.), com acordo de coopera\u00e7\u00e3o, celebrado a 02 Dezembro de 1992, para 12 utentes<strong>. Em 2 Maio 2008<\/strong>, reformula o protocolo de coopera\u00e7\u00e3o com o Centro Distrital de Seguran\u00e7a Social aumentando a capacidade para 20 utentes<br \/>\n&#8211; <strong>Em 1990 come\u00e7a a servir refei\u00e7\u00f5es para fora e em Setembro de 1995<\/strong> celebra-se o primeiro acordo de coopera\u00e7\u00e3o com o Centro Distrital de Solidariedade e Seguran\u00e7a Social de Viana do Castelo para a resposta de Refeit\u00f3rio Social para 10 utentes (s\u00f3 o almo\u00e7o de segunda a sexta-feira). <strong>Em Outubro de 2010 <\/strong>o acordo \u00e9 revisto aumentando a sua capacidade para 36 utentes (almo\u00e7o e jantar de segunda a domingo).<br \/>\n&#8211; Com a experi\u00eancia iniciada em 1995 toma a iniciativa de criar a resposta social de Apoio Domicili\u00e1rio Integrado \u2013 (A.D.I), <strong>e em Novembro de 2001<\/strong>, celebra o acordo de coopera\u00e7\u00e3o com Centro Distrital de Seguran\u00e7a Social (C.D.S.S.S.), para 10 Utentes;<strong> Em 1 Julho de 2003 <\/strong>o acordo \u00e9 revisto aumentando a sua capacidade para 16 utentes. Em Setembro de 2012 esta resposta social \u00e9 extinta, pelo facto de passarem a existir equipas de Cuidados Continuados Integrados, e reconvertida em Servi\u00e7o de Apoio Domicili\u00e1rio. Este servi\u00e7o foi inicialmente proposto para 24h por dia, depois ficou reduzido a 16h e por \u00faltimo passou a ser prestado das 7h30 \u00e0s 19h30.<br \/>\n&#8211; <strong>Em 1 Mar\u00e7o de 2002<\/strong>, coloca em marcha o Servi\u00e7o de Apoio Domicili\u00e1rio \u2013 (S.A.D.), tendo celebrado o acordo de coopera\u00e7\u00e3o com o Centro Distrital de Seguran\u00e7a Social de Viana do Castelo, para 10 utentes; Em 1 Maio de 2003 o acordo foi alargado para 17 utentes; Em 1 Dezembro de 2003 o acordo passa para 18 utentes; Em 1 Maio de 2004 o acordo passa para 22; Em 1 Mar\u00e7o de 2005 o acordo passa para 27 utentes; Em 1 Setembro de 2012 o acordo passa a abranger 43 utentes.<br \/>\n&#8211; <strong>Em Abril de 2005<\/strong> celebra-se o primeiro protocolo para o Rendimento Social de Inser\u00e7\u00e3o \u2013 (R.S.I.) que foi revisto em Abril de 2007.<br \/>\n&#8211; <strong>Em 01 de Outubro de 2014<\/strong>, celebrou com a tutela um protocolo de coopera\u00e7\u00e3o, para a resposta social de Centro de Dia (C.D. Abelheira) para 14 utentes;<br \/>\n<strong>Respostas eretas pelo CSPNSF sem protocolo de coopera\u00e7\u00e3o:<\/strong><br \/>\n&#8211; Em 1979 abre a Escola de M\u00fasica, chegando a ter 160 alunos no tempo do professor J\u00falio e outros;<br \/>\n&#8211; Em 1987 querendo ajudar sempre os mais necessitados criamos o Centro Comunit\u00e1rio de Apoio ao Necessitado e Distribui\u00e7\u00e3o (C.E.C.A.N.\/R.D.) \u2013 distribui\u00e7\u00e3o de bens novos ou em segunda m\u00e3o, conjuntamente com o Ozanan Centro de Juventude, Confer\u00eancia S. Vicente de Paulo e a F\u00e1brica da Paroquia de Nossa Senhora de F\u00e1tima;<br \/>\n&#8211; Em 1988, Acolhe Associa\u00e7\u00e3o dos Alco\u00f3licos An\u00f3nimos;<br \/>\n&#8211; Em 1989 cria um servi\u00e7o para os deficientes e ambliopes que acaba por encerrar em 1999 por falta de apoio;<br \/>\n&#8211; Em 1991 cria o prolongamento do Centro de Dia para os mais dependentes;<br \/>\n&#8211; Em2006, reformula\u00e7\u00e3o da Biblioteca Paroquial que j\u00e1 existe desde 1978;<br \/>\n&#8211; Em 2009 abre a Lojinha Social e a Oficina das Bonecas;<br \/>\n&#8211; Em 2013 p\u00f5e em marcha a Tendinha do Mercado.<\/p>\n<p>&nbsp;<\/p>\n<div class=\"synved-social-container synved-social-container-share\" style=\"text-align: center\"><a class=\"synved-social-button synved-social-button-share synved-social-size-24 synved-social-resolution-single synved-social-provider-facebook nolightbox\" data-provider=\"facebook\" target=\"_blank\" rel=\"nofollow\" title=\"Share on Facebook\" href=\"http:\/\/www.facebook.com\/sharer.php?u=https%3A%2F%2Fwww.paroquiafatima.pt%2Fparoquia%2Findex.php%3Frest_route%3D%252Fwp%252Fv2%252Fpages%252F78&#038;t=Hist%C3%B3ria&#038;s=100&#038;p&#091;url&#093;=https%3A%2F%2Fwww.paroquiafatima.pt%2Fparoquia%2Findex.php%3Frest_route%3D%252Fwp%252Fv2%252Fpages%252F78&#038;p&#091;images&#093;&#091;0&#093;=&#038;p&#091;title&#093;=Hist%C3%B3ria\" style=\"font-size: 0px; width:24px;height:24px;margin:0;margin-bottom:7px;margin-right:7px;\"><img alt=\"Facebook\" title=\"Share on Facebook\" class=\"synved-share-image synved-social-image synved-social-image-share\" width=\"24\" height=\"24\" style=\"display: inline; width:24px;height:24px; margin: 0; padding: 0; border: none; box-shadow: none;\" src=\"https:\/\/www.paroquiafatima.pt\/paroquia\/wp-content\/plugins\/social-media-feather\/synved-social\/image\/social\/regular\/48x48\/facebook.png\" \/><\/a><a class=\"synved-social-button synved-social-button-share synved-social-size-24 synved-social-resolution-single synved-social-provider-twitter nolightbox\" data-provider=\"twitter\" target=\"_blank\" rel=\"nofollow\" title=\"Share on Twitter\" href=\"https:\/\/twitter.com\/intent\/tweet?url=https%3A%2F%2Fwww.paroquiafatima.pt%2Fparoquia%2Findex.php%3Frest_route%3D%252Fwp%252Fv2%252Fpages%252F78&#038;text=Hey%20check%20this%20out\" style=\"font-size: 0px; width:24px;height:24px;margin:0;margin-bottom:7px;margin-right:7px;\"><img alt=\"twitter\" title=\"Share on Twitter\" class=\"synved-share-image synved-social-image synved-social-image-share\" width=\"24\" height=\"24\" style=\"display: inline; width:24px;height:24px; margin: 0; padding: 0; border: none; box-shadow: none;\" src=\"https:\/\/www.paroquiafatima.pt\/paroquia\/wp-content\/plugins\/social-media-feather\/synved-social\/image\/social\/regular\/48x48\/twitter.png\" \/><\/a><a class=\"synved-social-button synved-social-button-share synved-social-size-24 synved-social-resolution-single synved-social-provider-mail nolightbox\" data-provider=\"mail\" rel=\"nofollow\" title=\"Share by email\" href=\"mailto:?subject=Hist%C3%B3ria&#038;body=Hey%20check%20this%20out:%20https%3A%2F%2Fwww.paroquiafatima.pt%2Fparoquia%2Findex.php%3Frest_route%3D%252Fwp%252Fv2%252Fpages%252F78\" style=\"font-size: 0px; width:24px;height:24px;margin:0;margin-bottom:7px;\"><img alt=\"mail\" title=\"Share by email\" class=\"synved-share-image synved-social-image synved-social-image-share\" width=\"24\" height=\"24\" style=\"display: inline; width:24px;height:24px; margin: 0; padding: 0; border: none; box-shadow: none;\" src=\"https:\/\/www.paroquiafatima.pt\/paroquia\/wp-content\/plugins\/social-media-feather\/synved-social\/image\/social\/regular\/48x48\/mail.png\" \/><\/a><\/div>","protected":false},"excerpt":{"rendered":"<p>Hist\u00f3ria &#8211; A IPSS, Centro Social e Paroquial de Nossa Senhora de F\u00e1tima (CSPNSF), foi aprovado pelo Decreto-Lei n.\u00ba 119\/83, de 25 de Fevereiro e nos termos dos Despachos Normativos n.\u00bas 387 e 388\/83, publicados em Di\u00e1rio da Rep\u00fablica n.\u00ba 301,I S\u00e9rie, 4\u00ba Suplemento, de 31 de Dezembro, e respeitando [&hellip;]<\/p>\n","protected":false},"author":7,"featured_media":0,"parent":0,"menu_order":0,"comment_status":"closed","ping_status":"closed","template":"","meta":[],"_links":{"self":[{"href":"https:\/\/www.paroquiafatima.pt\/paroquia\/index.php?rest_route=\/wp\/v2\/pages\/78"}],"collection":[{"href":"https:\/\/www.paroquiafatima.pt\/paroquia\/index.php?rest_route=\/wp\/v2\/pages"}],"about":[{"href":"https:\/\/www.paroquiafatima.pt\/paroquia\/index.php?rest_route=\/wp\/v2\/types\/page"}],"author":[{"embeddable":true,"href":"https:\/\/www.paroquiafatima.pt\/paroquia\/index.php?rest_route=\/wp\/v2\/users\/7"}],"replies":[{"embeddable":true,"href":"https:\/\/www.paroquiafatima.pt\/paroquia\/index.php?rest_route=%2Fwp%2Fv2%2Fcomments&post=78"}],"version-history":[{"count":1,"href":"https:\/\/www.paroquiafatima.pt\/paroquia\/index.php?rest_route=\/wp\/v2\/pages\/78\/revisions"}],"predecessor-version":[{"id":1450,"href":"https:\/\/www.paroquiafatima.pt\/paroquia\/index.php?rest_route=\/wp\/v2\/pages\/78\/revisions\/1450"}],"wp:attachment":[{"href":"https:\/\/www.paroquiafatima.pt\/paroquia\/index.php?rest_route=%2Fwp%2Fv2%2Fmedia&parent=78"}],"curies":[{"name":"wp","href":"https:\/\/api.w.org\/{rel}","templated":true}]}}