{"id":75,"date":"2016-05-31T13:40:54","date_gmt":"2016-05-31T13:40:54","guid":{"rendered":"http:\/\/sandradinis.info\/paroquia\/?page_id=75"},"modified":"2016-07-18T15:27:41","modified_gmt":"2016-07-18T15:27:41","slug":"c-s-missao-visao-e-valores","status":"publish","type":"page","link":"https:\/\/www.paroquiafatima.pt\/paroquia\/?page_id=75","title":{"rendered":"Miss\u00e3o, Vis\u00e3o e Valores"},"content":{"rendered":"<h3>Miss\u00e3o<\/h3>\n<p>Somos uma IPSS, Centro Social Paroquial de N\u00aa S\u00aa de F\u00e1tima, de inspira\u00e7\u00e3o crist\u00e3, que procura construir respostas sociais para a integra\u00e7\u00e3o social e promo\u00e7\u00e3o dos direitos das fam\u00edlias, lutando sempre por uma melhoria cont\u00ednua e inovadora.<\/p>\n<p>&nbsp;<\/p>\n<h3>Vis\u00e3o<\/h3>\n<p>Ser reconhecida a qualidade e a inova\u00e7\u00e3o dos servi\u00e7os prestados, promovendo a integra\u00e7\u00e3o das pessoas, zelando pelos seus direitos e assegurar a cria\u00e7\u00e3o de alternativas para a subsist\u00eancia da Institui\u00e7\u00e3o.<\/p>\n<p>&nbsp;<\/p>\n<h3>Valores<\/h3>\n<p>O CSPNSF elegeu como seus valores e princ\u00edpios \u00e9ticos os que est\u00e3o constantes no seguinte diagrama:<br \/>\nSolidariedade; Seriedade; Compromisso; Assiduidade; Alegria; Corresponsabilidade; Pontualidade; Equidade; Afectividade; Toler\u00e2ncia; Compreens\u00e3o; Liberdade; Respeito; sabedoria; Dignidade e Lealdade<\/p>\n<p>&nbsp;<\/p>\n<h3>Pol\u00edtica da Qualidade<\/h3>\n<p>1. Cumprir com os requisitos legais e normativos;<br \/>\n2. Aumentar a satisfa\u00e7\u00e3o dos utentes melhorando continuamente o nosso desempenho;<br \/>\n3. Promover o bem-estar dos colaboradores;<br \/>\n4. Promover uma aproxima\u00e7\u00e3o entre a Dire\u00e7\u00e3o e os colaboradores;<br \/>\n5. Criar estrat\u00e9gias para a sustentabilidade da Institui\u00e7\u00e3o;<br \/>\n6. Promover a inclus\u00e3o de pessoas de risco na comunidade;<br \/>\n7. Gerar estrat\u00e9gias para promover a ades\u00e3o dos utentes nas atividades propostas pela Institui\u00e7\u00e3o;<br \/>\nSer reconhecida como uma Institui\u00e7\u00e3o de refer\u00eancia nos seus servi\u00e7os prestados a n\u00edvel distrital.<\/p>\n<p>&nbsp;<\/p>\n<p><img loading=\"lazy\" class=\"alignnone size-full wp-image-1441\" src=\"http:\/\/sandradinis.info\/paroquia\/wp-content\/uploads\/2016\/05\/Miss\u00e3o-Vis\u00e3o-Valores-centro.jpg\" alt=\"Miss\u00e3o Vis\u00e3o Valores\" width=\"437\" height=\"645\" \/><\/p>\n<div class=\"synved-social-container synved-social-container-share\" style=\"text-align: center\"><a class=\"synved-social-button synved-social-button-share synved-social-size-24 synved-social-resolution-single synved-social-provider-facebook nolightbox\" data-provider=\"facebook\" target=\"_blank\" rel=\"nofollow\" title=\"Share on Facebook\" href=\"http:\/\/www.facebook.com\/sharer.php?u=https%3A%2F%2Fwww.paroquiafatima.pt%2Fparoquia%2Findex.php%3Frest_route%3D%252Fwp%252Fv2%252Fpages%252F75&#038;t=Miss%C3%A3o%2C%20Vis%C3%A3o%20e%20Valores&#038;s=100&#038;p&#091;url&#093;=https%3A%2F%2Fwww.paroquiafatima.pt%2Fparoquia%2Findex.php%3Frest_route%3D%252Fwp%252Fv2%252Fpages%252F75&#038;p&#091;images&#093;&#091;0&#093;=http%3A%2F%2Fsandradinis.info%2Fparoquia%2Fwp-content%2Fuploads%2F2016%2F05%2FMiss%C3%A3o-Vis%C3%A3o-Valores-centro.jpg&#038;p&#091;title&#093;=Miss%C3%A3o%2C%20Vis%C3%A3o%20e%20Valores\" style=\"font-size: 0px; width:24px;height:24px;margin:0;margin-bottom:7px;margin-right:7px;\"><img alt=\"Facebook\" title=\"Share on Facebook\" class=\"synved-share-image synved-social-image synved-social-image-share\" width=\"24\" height=\"24\" style=\"display: inline; width:24px;height:24px; margin: 0; padding: 0; border: none; box-shadow: none;\" src=\"https:\/\/www.paroquiafatima.pt\/paroquia\/wp-content\/plugins\/social-media-feather\/synved-social\/image\/social\/regular\/48x48\/facebook.png\" \/><\/a><a class=\"synved-social-button synved-social-button-share synved-social-size-24 synved-social-resolution-single synved-social-provider-twitter nolightbox\" data-provider=\"twitter\" target=\"_blank\" rel=\"nofollow\" title=\"Share on Twitter\" href=\"https:\/\/twitter.com\/intent\/tweet?url=https%3A%2F%2Fwww.paroquiafatima.pt%2Fparoquia%2Findex.php%3Frest_route%3D%252Fwp%252Fv2%252Fpages%252F75&#038;text=Hey%20check%20this%20out\" style=\"font-size: 0px; width:24px;height:24px;margin:0;margin-bottom:7px;margin-right:7px;\"><img alt=\"twitter\" title=\"Share on Twitter\" class=\"synved-share-image synved-social-image synved-social-image-share\" width=\"24\" height=\"24\" style=\"display: inline; width:24px;height:24px; margin: 0; padding: 0; border: none; box-shadow: none;\" src=\"https:\/\/www.paroquiafatima.pt\/paroquia\/wp-content\/plugins\/social-media-feather\/synved-social\/image\/social\/regular\/48x48\/twitter.png\" \/><\/a><a class=\"synved-social-button synved-social-button-share synved-social-size-24 synved-social-resolution-single synved-social-provider-mail nolightbox\" data-provider=\"mail\" rel=\"nofollow\" title=\"Share by email\" href=\"mailto:?subject=Miss%C3%A3o%2C%20Vis%C3%A3o%20e%20Valores&#038;body=Hey%20check%20this%20out:%20https%3A%2F%2Fwww.paroquiafatima.pt%2Fparoquia%2Findex.php%3Frest_route%3D%252Fwp%252Fv2%252Fpages%252F75\" style=\"font-size: 0px; width:24px;height:24px;margin:0;margin-bottom:7px;\"><img alt=\"mail\" title=\"Share by email\" class=\"synved-share-image synved-social-image synved-social-image-share\" width=\"24\" height=\"24\" style=\"display: inline; width:24px;height:24px; margin: 0; padding: 0; border: none; box-shadow: none;\" src=\"https:\/\/www.paroquiafatima.pt\/paroquia\/wp-content\/plugins\/social-media-feather\/synved-social\/image\/social\/regular\/48x48\/mail.png\" \/><\/a><\/div>","protected":false},"excerpt":{"rendered":"<p>Miss\u00e3o Somos uma IPSS, Centro Social Paroquial de N\u00aa S\u00aa de F\u00e1tima, de inspira\u00e7\u00e3o crist\u00e3, que procura construir respostas sociais para a integra\u00e7\u00e3o social e promo\u00e7\u00e3o dos direitos das fam\u00edlias, lutando sempre por uma melhoria cont\u00ednua e inovadora. &nbsp; Vis\u00e3o Ser reconhecida a qualidade e a inova\u00e7\u00e3o dos servi\u00e7os prestados, [&hellip;]<\/p>\n","protected":false},"author":7,"featured_media":0,"parent":0,"menu_order":0,"comment_status":"closed","ping_status":"closed","template":"","meta":[],"_links":{"self":[{"href":"https:\/\/www.paroquiafatima.pt\/paroquia\/index.php?rest_route=\/wp\/v2\/pages\/75"}],"collection":[{"href":"https:\/\/www.paroquiafatima.pt\/paroquia\/index.php?rest_route=\/wp\/v2\/pages"}],"about":[{"href":"https:\/\/www.paroquiafatima.pt\/paroquia\/index.php?rest_route=\/wp\/v2\/types\/page"}],"author":[{"embeddable":true,"href":"https:\/\/www.paroquiafatima.pt\/paroquia\/index.php?rest_route=\/wp\/v2\/users\/7"}],"replies":[{"embeddable":true,"href":"https:\/\/www.paroquiafatima.pt\/paroquia\/index.php?rest_route=%2Fwp%2Fv2%2Fcomments&post=75"}],"version-history":[{"count":3,"href":"https:\/\/www.paroquiafatima.pt\/paroquia\/index.php?rest_route=\/wp\/v2\/pages\/75\/revisions"}],"predecessor-version":[{"id":1443,"href":"https:\/\/www.paroquiafatima.pt\/paroquia\/index.php?rest_route=\/wp\/v2\/pages\/75\/revisions\/1443"}],"wp:attachment":[{"href":"https:\/\/www.paroquiafatima.pt\/paroquia\/index.php?rest_route=%2Fwp%2Fv2%2Fmedia&parent=75"}],"curies":[{"name":"wp","href":"https:\/\/api.w.org\/{rel}","templated":true}]}}