{"id":37,"date":"2016-05-31T13:27:43","date_gmt":"2016-05-31T13:27:43","guid":{"rendered":"http:\/\/sandradinis.info\/paroquia\/?page_id=37"},"modified":"2016-07-01T15:15:08","modified_gmt":"2016-07-01T15:15:08","slug":"consignacao-irs","status":"publish","type":"page","link":"https:\/\/www.paroquiafatima.pt\/paroquia\/?page_id=37","title":{"rendered":"Consigna\u00e7\u00e3o IRS"},"content":{"rendered":"<p>Vimos por este meio recordar que existe a possibilidade de nos Ajudar sem ter qualquer custo. Basta na sua declara\u00e7\u00e3o de IRS colocar o n\u00famero de contribuinte da Institui\u00e7\u00e3o sem fins lucrativos, Centro Social e Paroquial de Nossa Senhora de F\u00e1tima, <b>501 534 822<\/b>. N\u00e3o vai pagar mais nem receber menos por isso.<\/p>\n<p>&nbsp;<br \/>\n<img loading=\"lazy\" src=\"http:\/\/sandradinis.info\/paroquia\/wp-content\/uploads\/2016\/05\/IRS-2.jpg\" alt=\"IRS\" width=\"518\" height=\"239\" class=\"alignnone size-full wp-image-1322\" \/><br \/>\n&nbsp;<\/p>\n<h3>Ajude-nos a Ajudar e obtenha Benef\u00edcios Fiscais<\/h3>\n<p>&nbsp;<br \/>\n<b>Uma pessoa que fa\u00e7a um donativo<\/b> ao Centro Social e Paroquial de Nossa Senhora de F\u00e1tima pode beneficiar dos incentivos fiscais previstos no <u>Estatuto dos Benef\u00edcios Fiscais<\/u> (dedu\u00e7\u00e3o \u00e0 colecta de 25{bc03f1f67bb413e7bfa97d0bbeac3adbec6c8e10178b70f157d4f6710b18680d} do valor do donativo). Para isso s\u00f3 tem que preencher na declara\u00e7\u00e3o IRS, o campo 7 do Anexo H, utilizando o c\u00f3digo 722 , o valor do donativo, e o NIF da Institui\u00e7\u00e3o 501 534 822.<br \/>\n&nbsp;<br \/>\n<b>Uma empresa que fa\u00e7a um donativo<\/b> ao Centro Social e Paroquial de Nossa Senhora de F\u00e1tima, nos termos dos <u>Estatutos dos Benef\u00edcios Fiscais<\/u>, pode ser considerado custos do exerc\u00edcio em sede de IRC majorado a 150{bc03f1f67bb413e7bfa97d0bbeac3adbec6c8e10178b70f157d4f6710b18680d} do montante doado (n\u00ba5 al\u00ednea d) dos EBF).<br \/>\n&nbsp;<br \/>\nOs donativos em g\u00e9neros t\u00eam os mesmos benef\u00edcios quando apresentada fatura dos bens doados, em que constem os dados do Centro Social e Paroquial de Nossa Senhora de F\u00e1tima.<\/p>\n<div class=\"synved-social-container synved-social-container-share\" style=\"text-align: center\"><a class=\"synved-social-button synved-social-button-share synved-social-size-24 synved-social-resolution-single synved-social-provider-facebook nolightbox\" data-provider=\"facebook\" target=\"_blank\" rel=\"nofollow\" title=\"Share on Facebook\" href=\"http:\/\/www.facebook.com\/sharer.php?u=https%3A%2F%2Fwww.paroquiafatima.pt%2Fparoquia%2Findex.php%3Frest_route%3D%252Fwp%252Fv2%252Fpages%252F37&#038;t=Consigna%C3%A7%C3%A3o%20IRS&#038;s=100&#038;p&#091;url&#093;=https%3A%2F%2Fwww.paroquiafatima.pt%2Fparoquia%2Findex.php%3Frest_route%3D%252Fwp%252Fv2%252Fpages%252F37&#038;p&#091;images&#093;&#091;0&#093;=http%3A%2F%2Fsandradinis.info%2Fparoquia%2Fwp-content%2Fuploads%2F2016%2F05%2FIRS-2.jpg&#038;p&#091;title&#093;=Consigna%C3%A7%C3%A3o%20IRS\" style=\"font-size: 0px; width:24px;height:24px;margin:0;margin-bottom:7px;margin-right:7px;\"><img alt=\"Facebook\" title=\"Share on Facebook\" class=\"synved-share-image synved-social-image synved-social-image-share\" width=\"24\" height=\"24\" style=\"display: inline; width:24px;height:24px; margin: 0; padding: 0; border: none; box-shadow: none;\" src=\"https:\/\/www.paroquiafatima.pt\/paroquia\/wp-content\/plugins\/social-media-feather\/synved-social\/image\/social\/regular\/48x48\/facebook.png\" \/><\/a><a class=\"synved-social-button synved-social-button-share synved-social-size-24 synved-social-resolution-single synved-social-provider-twitter nolightbox\" data-provider=\"twitter\" target=\"_blank\" rel=\"nofollow\" title=\"Share on Twitter\" href=\"https:\/\/twitter.com\/intent\/tweet?url=https%3A%2F%2Fwww.paroquiafatima.pt%2Fparoquia%2Findex.php%3Frest_route%3D%252Fwp%252Fv2%252Fpages%252F37&#038;text=Hey%20check%20this%20out\" style=\"font-size: 0px; width:24px;height:24px;margin:0;margin-bottom:7px;margin-right:7px;\"><img alt=\"twitter\" title=\"Share on Twitter\" class=\"synved-share-image synved-social-image synved-social-image-share\" width=\"24\" height=\"24\" style=\"display: inline; width:24px;height:24px; margin: 0; padding: 0; border: none; box-shadow: none;\" src=\"https:\/\/www.paroquiafatima.pt\/paroquia\/wp-content\/plugins\/social-media-feather\/synved-social\/image\/social\/regular\/48x48\/twitter.png\" \/><\/a><a class=\"synved-social-button synved-social-button-share synved-social-size-24 synved-social-resolution-single synved-social-provider-mail nolightbox\" data-provider=\"mail\" rel=\"nofollow\" title=\"Share by email\" href=\"mailto:?subject=Consigna%C3%A7%C3%A3o%20IRS&#038;body=Hey%20check%20this%20out:%20https%3A%2F%2Fwww.paroquiafatima.pt%2Fparoquia%2Findex.php%3Frest_route%3D%252Fwp%252Fv2%252Fpages%252F37\" style=\"font-size: 0px; width:24px;height:24px;margin:0;margin-bottom:7px;\"><img alt=\"mail\" title=\"Share by email\" class=\"synved-share-image synved-social-image synved-social-image-share\" width=\"24\" height=\"24\" style=\"display: inline; width:24px;height:24px; margin: 0; padding: 0; border: none; box-shadow: none;\" src=\"https:\/\/www.paroquiafatima.pt\/paroquia\/wp-content\/plugins\/social-media-feather\/synved-social\/image\/social\/regular\/48x48\/mail.png\" \/><\/a><\/div>","protected":false},"excerpt":{"rendered":"<p>Vimos por este meio recordar que existe a possibilidade de nos Ajudar sem ter qualquer custo. Basta na sua declara\u00e7\u00e3o de IRS colocar o n\u00famero de contribuinte da Institui\u00e7\u00e3o sem fins lucrativos, Centro Social e Paroquial de Nossa Senhora de F\u00e1tima, 501 534 822. N\u00e3o vai pagar mais nem receber [&hellip;]<\/p>\n","protected":false},"author":8,"featured_media":0,"parent":0,"menu_order":0,"comment_status":"closed","ping_status":"closed","template":"","meta":[],"_links":{"self":[{"href":"https:\/\/www.paroquiafatima.pt\/paroquia\/index.php?rest_route=\/wp\/v2\/pages\/37"}],"collection":[{"href":"https:\/\/www.paroquiafatima.pt\/paroquia\/index.php?rest_route=\/wp\/v2\/pages"}],"about":[{"href":"https:\/\/www.paroquiafatima.pt\/paroquia\/index.php?rest_route=\/wp\/v2\/types\/page"}],"author":[{"embeddable":true,"href":"https:\/\/www.paroquiafatima.pt\/paroquia\/index.php?rest_route=\/wp\/v2\/users\/8"}],"replies":[{"embeddable":true,"href":"https:\/\/www.paroquiafatima.pt\/paroquia\/index.php?rest_route=%2Fwp%2Fv2%2Fcomments&post=37"}],"version-history":[{"count":3,"href":"https:\/\/www.paroquiafatima.pt\/paroquia\/index.php?rest_route=\/wp\/v2\/pages\/37\/revisions"}],"predecessor-version":[{"id":1325,"href":"https:\/\/www.paroquiafatima.pt\/paroquia\/index.php?rest_route=\/wp\/v2\/pages\/37\/revisions\/1325"}],"wp:attachment":[{"href":"https:\/\/www.paroquiafatima.pt\/paroquia\/index.php?rest_route=%2Fwp%2Fv2%2Fmedia&parent=37"}],"curies":[{"name":"wp","href":"https:\/\/api.w.org\/{rel}","templated":true}]}}