{"id":106,"date":"2016-05-31T13:48:29","date_gmt":"2016-05-31T13:48:29","guid":{"rendered":"http:\/\/sandradinis.info\/paroquia\/?page_id=106"},"modified":"2016-06-29T21:56:59","modified_gmt":"2016-06-29T21:56:59","slug":"tendinha-do-mercado","status":"publish","type":"page","link":"https:\/\/www.paroquiafatima.pt\/paroquia\/?page_id=106","title":{"rendered":"Tendinha do Mercado"},"content":{"rendered":"<h3>Breve descri\u00e7\u00e3o do servi\u00e7o<\/h3>\n<p>A tendinha do Mercado est\u00e1 em funcionamento desde Janeiro de 2013. Dado o aumento muito significativo de pedidos de integra\u00e7\u00e3o, no Refeit\u00f3rio Social, de pessoas que se encontram numa situa\u00e7\u00e3o de car\u00eancia econ\u00f3mica muito grande, precis\u00e1vamos de encontrar pessoas que nos Ajudassem a Ajudar, para poder dar resposta a todos os pedidos.<br \/>\nDesde 2012 que o Centro Social tem em vigor a campanha \u201dAjude-nos a ajudar\u2026\u201d, divulgada atrav\u00e9s da luz dominical e do Jornal \u201cPar\u00f3quia Nova\u201d para angaria\u00e7\u00e3o de g\u00e9neros alimentares nomeadamente legumes e frutas que as pessoas tenham a mais do que aquilo que v\u00e3o consumir que nos dispensem o excedente.<br \/>\nUma vez que as necessidades sentidas s\u00e3o cada vez maiores e os recursos cada vez mais escassos a Institui\u00e7\u00e3o alargou a campanha \u201dAjude-nos a ajudar\u2026\u201d, para o mercado\/feira que se realiza todas as sextas-feiras junto \u00e0 cadeia. <\/p>\n<p>&nbsp;<\/p>\n<h3>Objetivos<\/h3>\n<p>&#8211; Angariar g\u00e9neros alimentares nomeadamente legumes e frutas. Pedimos \u00e0s pessoas que t\u00eam legumes ou frutas a mais do que aquilo que v\u00e3o consumir que nos dispensem o excedente.<\/p>\n<p>&nbsp;<\/p>\n<h3>Atividades<\/h3>\n<p>&#8211; Recolha dos alimentos, sele\u00e7\u00e3o e aproveitamento\u2026<\/p>\n<p>&nbsp;<\/p>\n<div class=\"synved-social-container synved-social-container-share\" style=\"text-align: center\"><a class=\"synved-social-button synved-social-button-share synved-social-size-24 synved-social-resolution-single synved-social-provider-facebook nolightbox\" data-provider=\"facebook\" target=\"_blank\" rel=\"nofollow\" title=\"Share on Facebook\" href=\"http:\/\/www.facebook.com\/sharer.php?u=https%3A%2F%2Fwww.paroquiafatima.pt%2Fparoquia%2Findex.php%3Frest_route%3D%252Fwp%252Fv2%252Fpages%252F106&#038;t=Tendinha%20do%20Mercado&#038;s=100&#038;p&#091;url&#093;=https%3A%2F%2Fwww.paroquiafatima.pt%2Fparoquia%2Findex.php%3Frest_route%3D%252Fwp%252Fv2%252Fpages%252F106&#038;p&#091;images&#093;&#091;0&#093;=&#038;p&#091;title&#093;=Tendinha%20do%20Mercado\" style=\"font-size: 0px; width:24px;height:24px;margin:0;margin-bottom:7px;margin-right:7px;\"><img alt=\"Facebook\" title=\"Share on Facebook\" class=\"synved-share-image synved-social-image synved-social-image-share\" width=\"24\" height=\"24\" style=\"display: inline; width:24px;height:24px; margin: 0; padding: 0; border: none; box-shadow: none;\" src=\"https:\/\/www.paroquiafatima.pt\/paroquia\/wp-content\/plugins\/social-media-feather\/synved-social\/image\/social\/regular\/48x48\/facebook.png\" \/><\/a><a class=\"synved-social-button synved-social-button-share synved-social-size-24 synved-social-resolution-single synved-social-provider-twitter nolightbox\" data-provider=\"twitter\" target=\"_blank\" rel=\"nofollow\" title=\"Share on Twitter\" href=\"https:\/\/twitter.com\/intent\/tweet?url=https%3A%2F%2Fwww.paroquiafatima.pt%2Fparoquia%2Findex.php%3Frest_route%3D%252Fwp%252Fv2%252Fpages%252F106&#038;text=Hey%20check%20this%20out\" style=\"font-size: 0px; width:24px;height:24px;margin:0;margin-bottom:7px;margin-right:7px;\"><img alt=\"twitter\" title=\"Share on Twitter\" class=\"synved-share-image synved-social-image synved-social-image-share\" width=\"24\" height=\"24\" style=\"display: inline; width:24px;height:24px; margin: 0; padding: 0; border: none; box-shadow: none;\" src=\"https:\/\/www.paroquiafatima.pt\/paroquia\/wp-content\/plugins\/social-media-feather\/synved-social\/image\/social\/regular\/48x48\/twitter.png\" \/><\/a><a class=\"synved-social-button synved-social-button-share synved-social-size-24 synved-social-resolution-single synved-social-provider-mail nolightbox\" data-provider=\"mail\" rel=\"nofollow\" title=\"Share by email\" href=\"mailto:?subject=Tendinha%20do%20Mercado&#038;body=Hey%20check%20this%20out:%20https%3A%2F%2Fwww.paroquiafatima.pt%2Fparoquia%2Findex.php%3Frest_route%3D%252Fwp%252Fv2%252Fpages%252F106\" style=\"font-size: 0px; width:24px;height:24px;margin:0;margin-bottom:7px;\"><img alt=\"mail\" title=\"Share by email\" class=\"synved-share-image synved-social-image synved-social-image-share\" width=\"24\" height=\"24\" style=\"display: inline; width:24px;height:24px; margin: 0; padding: 0; border: none; box-shadow: none;\" src=\"https:\/\/www.paroquiafatima.pt\/paroquia\/wp-content\/plugins\/social-media-feather\/synved-social\/image\/social\/regular\/48x48\/mail.png\" \/><\/a><\/div>","protected":false},"excerpt":{"rendered":"<p>Breve descri\u00e7\u00e3o do servi\u00e7o A tendinha do Mercado est\u00e1 em funcionamento desde Janeiro de 2013. Dado o aumento muito significativo de pedidos de integra\u00e7\u00e3o, no Refeit\u00f3rio Social, de pessoas que se encontram numa situa\u00e7\u00e3o de car\u00eancia econ\u00f3mica muito grande, precis\u00e1vamos de encontrar pessoas que nos Ajudassem a Ajudar, para poder [&hellip;]<\/p>\n","protected":false},"author":7,"featured_media":0,"parent":0,"menu_order":0,"comment_status":"closed","ping_status":"closed","template":"","meta":[],"_links":{"self":[{"href":"https:\/\/www.paroquiafatima.pt\/paroquia\/index.php?rest_route=\/wp\/v2\/pages\/106"}],"collection":[{"href":"https:\/\/www.paroquiafatima.pt\/paroquia\/index.php?rest_route=\/wp\/v2\/pages"}],"about":[{"href":"https:\/\/www.paroquiafatima.pt\/paroquia\/index.php?rest_route=\/wp\/v2\/types\/page"}],"author":[{"embeddable":true,"href":"https:\/\/www.paroquiafatima.pt\/paroquia\/index.php?rest_route=\/wp\/v2\/users\/7"}],"replies":[{"embeddable":true,"href":"https:\/\/www.paroquiafatima.pt\/paroquia\/index.php?rest_route=%2Fwp%2Fv2%2Fcomments&post=106"}],"version-history":[{"count":1,"href":"https:\/\/www.paroquiafatima.pt\/paroquia\/index.php?rest_route=\/wp\/v2\/pages\/106\/revisions"}],"predecessor-version":[{"id":1160,"href":"https:\/\/www.paroquiafatima.pt\/paroquia\/index.php?rest_route=\/wp\/v2\/pages\/106\/revisions\/1160"}],"wp:attachment":[{"href":"https:\/\/www.paroquiafatima.pt\/paroquia\/index.php?rest_route=%2Fwp%2Fv2%2Fmedia&parent=106"}],"curies":[{"name":"wp","href":"https:\/\/api.w.org\/{rel}","templated":true}]}}